{"id":61,"date":"2020-01-23T18:21:52","date_gmt":"2020-01-23T18:21:52","guid":{"rendered":"https:\/\/demosites.io\/web-agency-gb\/?page_id=61"},"modified":"2020-07-02T03:07:27","modified_gmt":"2020-07-02T03:07:27","slug":"15c42-web-agency-gb-about-us","status":"publish","type":"page","link":"https:\/\/serviciosgasc.com\/index.php\/15c42-web-agency-gb-about-us\/","title":{"rendered":"About Us"},"content":{"rendered":"\t\t<div data-elementor-type=\"wp-page\" data-elementor-id=\"61\" class=\"elementor elementor-61\" data-elementor-settings=\"[]\">\n\t\t\t\t\t\t<div class=\"elementor-inner\">\n\t\t\t\t\t\t\t<div class=\"elementor-section-wrap\">\n\t\t\t\t\t\t\t<section class=\"elementor-section elementor-top-section elementor-element elementor-element-1be97c8a elementor-section-boxed elementor-section-height-default elementor-section-height-default\" data-id=\"1be97c8a\" data-element_type=\"section\">\n\t\t\t\t\t\t<div class=\"elementor-container elementor-column-gap-default\">\n\t\t\t\t\t\t\t<div class=\"elementor-row\">\n\t\t\t\t\t<div class=\"elementor-column elementor-col-100 elementor-top-column elementor-element elementor-element-6317d309\" data-id=\"6317d309\" data-element_type=\"column\">\n\t\t\t<div class=\"elementor-column-wrap elementor-element-populated\">\n\t\t\t\t\t\t\t<div class=\"elementor-widget-wrap\">\n\t\t\t\t\t\t<div class=\"elementor-element elementor-element-25e47853 elementor-widget elementor-widget-text-editor\" data-id=\"25e47853\" data-element_type=\"widget\" data-widget_type=\"text-editor.default\">\n\t\t\t\t<div class=\"elementor-widget-container\">\n\t\t\t\t\t\t\t\t<div class=\"elementor-text-editor elementor-clearfix\">\n\t\t\t\t<p><!-- wp:themeisle-blocks\/advanced-columns {\"id\":\"wp-block-themeisle-blocks-advanced-columns-430c89c3\",\"columns\":2,\"layout\":\"equal\",\"layoutMobile\":\"collapsedRows\",\"columnsGap\":\"wide\",\"paddingType\":\"unlinked\",\"paddingTypeTablet\":\"unlinked\",\"paddingTablet\":40,\"paddingMobile\":20,\"paddingTop\":40,\"paddingTopTablet\":40,\"paddingTopMobile\":20,\"paddingRightTablet\":20,\"paddingRightMobile\":20,\"paddingBottom\":40,\"paddingBottomTablet\":40,\"paddingBottomMobile\":20,\"paddingLeftTablet\":20,\"paddingLeftMobile\":20,\"marginTablet\":20,\"marginMobile\":20,\"marginTop\":0,\"marginTopTablet\":0,\"marginTopMobile\":0,\"marginBottom\":0,\"marginBottomTablet\":0,\"marginBottomMobile\":0,\"columnsWidth\":1170,\"horizontalAlign\":\"center\",\"columnsHeightCustom\":589,\"verticalAlign\":\"center\",\"backgroundColor\":\"#ffffff\",\"align\":\"full\"} --><\/p>\n<div id=\"wp-block-themeisle-blocks-advanced-columns-430c89c3\" class=\"wp-block-themeisle-blocks-advanced-columns alignfull has-2-columns has-desktop-equal-layout has-tablet-equal-layout has-mobile-collapsedRows-layout has-wide-gap has-vertical-center\">\n<div class=\"wp-block-themeisle-blocks-advanced-columns-overlay\">\u00a0<\/div>\n<div class=\"innerblocks-wrap\">\n<p><!-- wp:themeisle-blocks\/advanced-column {\"id\":\"wp-block-themeisle-blocks-advanced-column-3793cfaf\",\"paddingTablet\":20,\"paddingMobile\":20,\"paddingTopTablet\":20,\"paddingTopMobile\":20,\"paddingRightTablet\":20,\"paddingRightMobile\":20,\"paddingBottomTablet\":20,\"paddingBottomMobile\":20,\"paddingLeftTablet\":20,\"paddingLeftMobile\":20,\"marginType\":\"linked\",\"margin\":0,\"marginTablet\":20,\"marginMobile\":20,\"marginTop\":0,\"marginTopTablet\":20,\"marginTopMobile\":20,\"marginRight\":20,\"marginRightTablet\":0,\"marginRightMobile\":0,\"marginBottomTablet\":20,\"marginBottomMobile\":20,\"marginLeft\":20,\"marginLeftTablet\":0,\"marginLeftMobile\":0,\"backgroundColor\":\"#ffffff\",\"columnWidth\":\"66.60\"} --><\/p>\n<div id=\"wp-block-themeisle-blocks-advanced-column-3793cfaf\" class=\"wp-block-themeisle-blocks-advanced-column\">\n<p><!-- wp:themeisle-blocks\/service --><\/p>\n<div class=\"wp-block-themeisle-blocks-service\">\n<p><!-- wp:themeisle-blocks\/advanced-heading {\"id\":\"wp-block-themeisle-blocks-advanced-heading-40be5244\",\"tag\":\"h1\",\"align\":\"left\",\"paddingTablet\":0,\"paddingMobile\":0,\"paddingTopTablet\":0,\"paddingTopMobile\":0,\"paddingRightTablet\":0,\"paddingRightMobile\":0,\"paddingBottomTablet\":0,\"paddingBottomMobile\":0,\"paddingLeftTablet\":0,\"paddingLeftMobile\":0,\"marginTablet\":0,\"marginMobile\":0,\"marginTopTablet\":0,\"marginTopMobile\":0,\"marginBottom\":20,\"marginBottomTablet\":25,\"marginBottomMobile\":20} --><\/p>\n<h1 id=\"wp-block-themeisle-blocks-advanced-heading-40be5244\" class=\"wp-block-themeisle-blocks-advanced-heading wp-block-themeisle-blocks-advanced-heading-40be5244\"><span style=\"color: #ff6600;\">\u00bfQui\u00e9nes S\u00f3mos?<\/span><\/h1>\n<p><!-- \/wp:themeisle-blocks\/advanced-heading --><\/p>\n<\/div>\n<p><!-- \/wp:themeisle-blocks\/service --><\/p>\n<\/div>\n<p><!-- \/wp:themeisle-blocks\/advanced-column --><!-- wp:themeisle-blocks\/advanced-column {\"id\":\"wp-block-themeisle-blocks-advanced-column-c88a85ad\",\"paddingTablet\":20,\"paddingMobile\":20,\"paddingTopTablet\":20,\"paddingTopMobile\":20,\"paddingRightTablet\":20,\"paddingRightMobile\":20,\"paddingBottomTablet\":20,\"paddingBottomMobile\":20,\"paddingLeftTablet\":20,\"paddingLeftMobile\":20,\"marginTablet\":20,\"marginMobile\":20,\"marginTopTablet\":20,\"marginTopMobile\":20,\"marginRightTablet\":0,\"marginRightMobile\":0,\"marginBottomTablet\":20,\"marginBottomMobile\":20,\"marginLeftTablet\":0,\"marginLeftMobile\":0,\"columnWidth\":\"33.40\"} --><\/p>\n<div id=\"wp-block-themeisle-blocks-advanced-column-c88a85ad\" class=\"wp-block-themeisle-blocks-advanced-column\">\u00a0<\/div>\n<p><!-- \/wp:themeisle-blocks\/advanced-column --><\/p>\n<\/div>\n<\/div>\n<p><!-- \/wp:themeisle-blocks\/advanced-columns --><!-- wp:themeisle-blocks\/advanced-columns {\"id\":\"wp-block-themeisle-blocks-advanced-columns-00a8bc3d\",\"columns\":2,\"layout\":\"equal\",\"layoutMobile\":\"collapsedRows\",\"columnsGap\":\"nogap\",\"paddingType\":\"unlinked\",\"paddingTypeTablet\":\"unlinked\",\"paddingTypeMobile\":\"unlinked\",\"paddingTablet\":80,\"paddingMobile\":20,\"paddingTop\":80,\"paddingTopTablet\":40,\"paddingTopMobile\":20,\"paddingRightTablet\":20,\"paddingRightMobile\":20,\"paddingBottom\":80,\"paddingBottomTablet\":40,\"paddingBottomMobile\":20,\"paddingLeftTablet\":20,\"paddingLeftMobile\":20,\"marginTablet\":20,\"marginMobile\":20,\"marginTop\":0,\"marginTopTablet\":0,\"marginTopMobile\":0,\"marginBottom\":0,\"marginBottomTablet\":0,\"marginBottomMobile\":0,\"columnsWidth\":1170,\"horizontalAlign\":\"center\",\"columnsHeightCustom\":589,\"verticalAlign\":\"center\",\"backgroundColor\":\"#eef0ed\",\"align\":\"full\"} --><\/p>\n<div id=\"wp-block-themeisle-blocks-advanced-columns-00a8bc3d\" class=\"wp-block-themeisle-blocks-advanced-columns alignfull has-2-columns has-desktop-equal-layout has-tablet-equal-layout has-mobile-collapsedRows-layout has-nogap-gap has-vertical-center\">\n<div class=\"wp-block-themeisle-blocks-advanced-columns-overlay\">\u00a0<\/div>\n<div class=\"innerblocks-wrap\">\n<p><!-- wp:themeisle-blocks\/advanced-column {\"id\":\"wp-block-themeisle-blocks-advanced-column-a940b3ff\",\"padding\":0,\"paddingTablet\":0,\"paddingMobile\":0,\"paddingTopTablet\":20,\"paddingTopMobile\":20,\"paddingRightTablet\":20,\"paddingRightMobile\":20,\"paddingBottomTablet\":20,\"paddingBottomMobile\":20,\"paddingLeftTablet\":20,\"paddingLeftMobile\":20,\"marginType\":\"linked\",\"margin\":0,\"marginTablet\":20,\"marginMobile\":20,\"marginTop\":0,\"marginTopTablet\":0,\"marginTopMobile\":0,\"marginRight\":20,\"marginRightTablet\":0,\"marginRightMobile\":0,\"marginBottomTablet\":0,\"marginBottomMobile\":0,\"marginLeft\":20,\"marginLeftTablet\":0,\"marginLeftMobile\":0,\"columnWidth\":\"50\"} --><\/p>\n<div id=\"wp-block-themeisle-blocks-advanced-column-a940b3ff\" class=\"wp-block-themeisle-blocks-advanced-column\">\n<p><!-- wp:image {\"id\":36,\"sizeSlug\":\"large\",\"className\":\"is-style-default\",\"hasCustomCSS\":true} --><\/p>\n<figure class=\"wp-block-image size-large is-style-default\"><span style=\"color: #ff6600;\"><img loading=\"lazy\" class=\"alignnone wp-image-171 size-full\" src=\"https:\/\/serviciosgasc.com\/wp-content\/uploads\/2020\/07\/edificios.jpg\" alt=\"\" width=\"800\" height=\"600\" srcset=\"https:\/\/serviciosgasc.com\/wp-content\/uploads\/2020\/07\/edificios.jpg 800w, https:\/\/serviciosgasc.com\/wp-content\/uploads\/2020\/07\/edificios-600x450.jpg 600w, https:\/\/serviciosgasc.com\/wp-content\/uploads\/2020\/07\/edificios-300x225.jpg 300w, https:\/\/serviciosgasc.com\/wp-content\/uploads\/2020\/07\/edificios-768x576.jpg 768w\" sizes=\"(max-width: 800px) 100vw, 800px\" \/><\/span><\/figure>\n<p><!-- \/wp:image --><\/p>\n<\/div>\n<p><!-- \/wp:themeisle-blocks\/advanced-column --><!-- wp:themeisle-blocks\/advanced-column {\"id\":\"wp-block-themeisle-blocks-advanced-column-ae52a6c0\",\"padding\":40,\"paddingTablet\":20,\"paddingMobile\":20,\"paddingTopTablet\":20,\"paddingTopMobile\":20,\"paddingRightTablet\":20,\"paddingRightMobile\":20,\"paddingBottomTablet\":20,\"paddingBottomMobile\":20,\"paddingLeftTablet\":20,\"paddingLeftMobile\":20,\"marginTablet\":20,\"marginMobile\":20,\"marginTop\":0,\"marginTopTablet\":20,\"marginTopMobile\":20,\"marginRightTablet\":0,\"marginRightMobile\":0,\"marginBottom\":0,\"marginBottomTablet\":20,\"marginBottomMobile\":20,\"marginLeftTablet\":0,\"marginLeftMobile\":0,\"backgroundImageID\":38,\"backgroundImageURL\":\"https:\/\/s33834.pcdn.co\/neve-web-agency-gb\/wp-content\/uploads\/sites\/422\/2020\/01\/neve-web-design-bg-11.jpg\",\"columnWidth\":\"50\",\"className\":\"ticss-44eccd86\",\"hasCustomCSS\":true,\"customCSS\":\"\"} --><\/p>\n<div id=\"wp-block-themeisle-blocks-advanced-column-ae52a6c0\" class=\"wp-block-themeisle-blocks-advanced-column ticss-44eccd86\">\n<p><!-- wp:heading --><\/p>\n<h2><span style=\"color: #3366ff;\">Perfil Corporativo<\/span><\/h2>\n<p><!-- \/wp:heading --><!-- wp:paragraph {\"customFontSize\":22} --><!-- \/wp:paragraph --><!-- wp:paragraph --><\/p>\n<p>ServiComp es una empresa orientada a la venta de soluciones en el \u00e1rea de Tecnolog\u00edas de Informaci\u00f3n. La compa\u00f1\u00eda fue fundada en el a\u00f1o 2007 y desde entonces, gracias a la excelente relaci\u00f3n con nuestros clientes, hemos logrado un crecimiento significativo en la venta de soluciones de hardware y consultor\u00eda en el \u00e1rea de Tecnolog\u00edas de Informaci\u00f3n.<\/p>\n<p>El objetivo de la compa\u00f1\u00eda es proveer soluciones de hardware en el \u00e1rea de tecnolog\u00edas de informaci\u00f3n con el fin de mantener la continuidad del negocio de cada uno de nuestros clientes; por otra parte el objetivo primordial es brindar servicios de asesor\u00eda, dise\u00f1o e implementaci\u00f3n en el \u00e1rea de T.I., abarcando cableado estructurado, configuraci\u00f3n y dise\u00f1o de redes, configuraci\u00f3n servidores, equipo cr\u00edtico en general, entre otras soluciones.<\/p>\n<\/div>\n<\/div>\n<\/div>\n<div id=\"wp-block-themeisle-blocks-advanced-columns-5660b9e4\" class=\"wp-block-themeisle-blocks-advanced-columns alignfull has-3-columns has-desktop-equal-layout has-tablet-equal-layout has-mobile-collapsedRows-layout has-wide-gap has-vertical-center\">\n<div class=\"innerblocks-wrap\">\n<div id=\"wp-block-themeisle-blocks-advanced-column-e7bd5b39\" class=\"wp-block-themeisle-blocks-advanced-column\">\n<div class=\"wp-block-themeisle-blocks-service\">\n<p><!-- \/wp:themeisle-blocks\/font-awesome-icons --><!-- wp:themeisle-blocks\/advanced-heading {\"id\":\"wp-block-themeisle-blocks-advanced-heading-444ab8ab\",\"tag\":\"h3\",\"align\":\"left\",\"paddingTablet\":0,\"paddingMobile\":0,\"paddingTopTablet\":0,\"paddingTopMobile\":0,\"paddingRightTablet\":0,\"paddingRightMobile\":0,\"paddingBottomTablet\":0,\"paddingBottomMobile\":0,\"paddingLeftTablet\":0,\"paddingLeftMobile\":0,\"marginTablet\":0,\"marginMobile\":0,\"marginTopTablet\":0,\"marginTopMobile\":0,\"marginBottom\":20,\"marginBottomTablet\":25,\"marginBottomMobile\":20} --><\/p>\n<h3 id=\"wp-block-themeisle-blocks-advanced-heading-444ab8ab\" class=\"wp-block-themeisle-blocks-advanced-heading wp-block-themeisle-blocks-advanced-heading-444ab8ab\" style=\"text-align: center;\"><span style=\"color: #3366ff;\">Misi\u00f3n<\/span><\/h3>\n<p><!-- \/wp:themeisle-blocks\/advanced-heading --><!-- wp:themeisle-blocks\/advanced-heading {\"id\":\"wp-block-themeisle-blocks-advanced-heading-56416789\",\"tag\":\"p\",\"align\":\"left\",\"fontSize\":15,\"paddingTablet\":0,\"paddingMobile\":0,\"paddingTopTablet\":0,\"paddingTopMobile\":0,\"paddingRightTablet\":0,\"paddingRightMobile\":0,\"paddingBottomTablet\":0,\"paddingBottomMobile\":0,\"paddingLeftTablet\":0,\"paddingLeftMobile\":0,\"marginTablet\":0,\"marginMobile\":0,\"marginTopTablet\":0,\"marginTopMobile\":0,\"marginBottom\":20,\"marginBottomTablet\":25,\"marginBottomMobile\":20} --><\/p>\n<p id=\"wp-block-themeisle-blocks-advanced-heading-56416789\">Buscar y desarrollar soluciones de hardware en el \u00e1rea de tecnolog\u00edas de informaci\u00f3n con la m\u00e1s amplia gama de servicios y soluciones tecnol\u00f3gicas, innovadoras y de calidad, que les permitan a nuestros clientes optimizar sus procesos y cumplir sus objetivos<\/p>\n<p><!-- \/wp:themeisle-blocks\/advanced-heading --><\/p>\n<\/div>\n<p><!-- \/wp:themeisle-blocks\/service --><\/p>\n<\/div>\n<p><!-- \/wp:themeisle-blocks\/advanced-column --><!-- wp:themeisle-blocks\/advanced-column {\"id\":\"wp-block-themeisle-blocks-advanced-column-d94b6081\",\"paddingTablet\":20,\"paddingMobile\":20,\"paddingTopTablet\":20,\"paddingTopMobile\":20,\"paddingRightTablet\":20,\"paddingRightMobile\":20,\"paddingBottomTablet\":20,\"paddingBottomMobile\":20,\"paddingLeftTablet\":20,\"paddingLeftMobile\":20,\"marginType\":\"linked\",\"margin\":0,\"marginTablet\":20,\"marginMobile\":0,\"marginTop\":0,\"marginTopTablet\":20,\"marginTopMobile\":20,\"marginRightTablet\":0,\"marginRightMobile\":0,\"marginBottom\":0,\"marginBottomTablet\":20,\"marginBottomMobile\":20,\"marginLeftTablet\":0,\"marginLeftMobile\":0,\"columnWidth\":\"33.33\"} --><\/p>\n<div id=\"wp-block-themeisle-blocks-advanced-column-d94b6081\" class=\"wp-block-themeisle-blocks-advanced-column\">\n<p><!-- wp:themeisle-blocks\/font-awesome-icons {\"id\":\"wp-block-themeisle-blocks-font-awesome-icons-fff70133\",\"align\":\"left\",\"prefix\":\"fas\",\"icon\":\"check\",\"fontSize\":14,\"padding\":12,\"margin\":0,\"backgroundColor\":\"#fcaf3b\",\"textColor\":\"#000000\",\"borderRadius\":100} --><!-- \/wp:themeisle-blocks\/font-awesome-icons --><!-- wp:themeisle-blocks\/advanced-heading {\"id\":\"wp-block-themeisle-blocks-advanced-heading-f6a78ef9\",\"tag\":\"h3\",\"align\":\"left\",\"paddingTablet\":0,\"paddingMobile\":0,\"paddingTopTablet\":0,\"paddingTopMobile\":0,\"paddingRightTablet\":0,\"paddingRightMobile\":0,\"paddingBottomTablet\":0,\"paddingBottomMobile\":0,\"paddingLeftTablet\":0,\"paddingLeftMobile\":0,\"marginTablet\":0,\"marginMobile\":0,\"marginTopTablet\":0,\"marginTopMobile\":0,\"marginBottom\":20,\"marginBottomTablet\":25,\"marginBottomMobile\":20} --><\/p>\n<h3 id=\"wp-block-themeisle-blocks-advanced-heading-f6a78ef9\" class=\"wp-block-themeisle-blocks-advanced-heading wp-block-themeisle-blocks-advanced-heading-f6a78ef9\" style=\"text-align: center;\"><span style=\"color: #3366ff;\">Pol\u00edticas<\/span><\/h3>\n<p><!-- \/wp:themeisle-blocks\/advanced-heading --><!-- wp:themeisle-blocks\/advanced-heading {\"id\":\"wp-block-themeisle-blocks-advanced-heading-5e90ef0a\",\"tag\":\"p\",\"fontSize\":15,\"paddingTablet\":0,\"paddingMobile\":0,\"paddingTopTablet\":0,\"paddingTopMobile\":0,\"paddingRightTablet\":0,\"paddingRightMobile\":0,\"paddingBottomTablet\":0,\"paddingBottomMobile\":0,\"paddingLeftTablet\":0,\"paddingLeftMobile\":0,\"marginTablet\":0,\"marginMobile\":0,\"marginTopTablet\":0,\"marginTopMobile\":0,\"marginBottom\":20,\"marginBottomTablet\":25,\"marginBottomMobile\":20} --><\/p>\n<p>Excelencia profesional &#8211; Compromiso con el cliente &#8211; Facilidad de Comunicaci\u00f3n &#8211; Cercan\u00eda y amabilidad &#8211; Calidad &#8211; Seguridad<\/p>\n<p><!-- \/wp:themeisle-blocks\/advanced-heading --><\/p>\n<\/div>\n<p><!-- \/wp:themeisle-blocks\/advanced-column --><!-- wp:themeisle-blocks\/advanced-column {\"id\":\"wp-block-themeisle-blocks-advanced-column-317f32ab\",\"paddingTablet\":20,\"paddingMobile\":20,\"paddingTopTablet\":20,\"paddingTopMobile\":20,\"paddingRightTablet\":20,\"paddingRightMobile\":20,\"paddingBottomTablet\":20,\"paddingBottomMobile\":20,\"paddingLeftTablet\":20,\"paddingLeftMobile\":20,\"marginType\":\"linked\",\"margin\":0,\"marginTablet\":20,\"marginMobile\":20,\"marginTop\":0,\"marginTopTablet\":20,\"marginTopMobile\":20,\"marginRightTablet\":0,\"marginRightMobile\":0,\"marginBottom\":0,\"marginBottomTablet\":20,\"marginBottomMobile\":20,\"marginLeftTablet\":0,\"marginLeftMobile\":0,\"columnWidth\":\"33.33\"} --><\/p>\n<div id=\"wp-block-themeisle-blocks-advanced-column-317f32ab\" class=\"wp-block-themeisle-blocks-advanced-column\">\n<p><!-- wp:themeisle-blocks\/font-awesome-icons {\"id\":\"wp-block-themeisle-blocks-font-awesome-icons-66ee5aa1\",\"align\":\"left\",\"prefix\":\"fas\",\"icon\":\"check\",\"fontSize\":14,\"padding\":12,\"margin\":0,\"backgroundColor\":\"#fcaf3b\",\"textColor\":\"#000000\",\"borderRadius\":100} --><!-- \/wp:themeisle-blocks\/font-awesome-icons --><!-- wp:themeisle-blocks\/advanced-heading {\"id\":\"wp-block-themeisle-blocks-advanced-heading-7295c260\",\"tag\":\"h3\",\"align\":\"left\",\"paddingTablet\":0,\"paddingMobile\":0,\"paddingTopTablet\":0,\"paddingTopMobile\":0,\"paddingRightTablet\":0,\"paddingRightMobile\":0,\"paddingBottomTablet\":0,\"paddingBottomMobile\":0,\"paddingLeftTablet\":0,\"paddingLeftMobile\":0,\"marginTablet\":0,\"marginMobile\":0,\"marginTopTablet\":0,\"marginTopMobile\":0,\"marginBottom\":20,\"marginBottomTablet\":25,\"marginBottomMobile\":20} --><\/p>\n<h3 id=\"wp-block-themeisle-blocks-advanced-heading-7295c260\" class=\"wp-block-themeisle-blocks-advanced-heading wp-block-themeisle-blocks-advanced-heading-7295c260\" style=\"text-align: center;\"><span style=\"color: #3366ff;\">Visi\u00f3n<\/span><\/h3>\n<p><!-- \/wp:themeisle-blocks\/advanced-heading --><!-- wp:themeisle-blocks\/advanced-heading {\"id\":\"wp-block-themeisle-blocks-advanced-heading-0ef95e3f\",\"tag\":\"p\",\"align\":\"left\",\"fontSize\":15,\"paddingTablet\":0,\"paddingMobile\":0,\"paddingTopTablet\":0,\"paddingTopMobile\":0,\"paddingRightTablet\":0,\"paddingRightMobile\":0,\"paddingBottomTablet\":0,\"paddingBottomMobile\":0,\"paddingLeftTablet\":0,\"paddingLeftMobile\":0,\"marginTablet\":0,\"marginMobile\":0,\"marginTopTablet\":0,\"marginTopMobile\":0,\"marginBottom\":20,\"marginBottomTablet\":25,\"marginBottomMobile\":20} --><\/p>\n<p>Ser un proveedor de servicios inform\u00e1ticos reconocido, una empresa s\u00f3lida y en constante crecimiento, brindando servicios de calidad.<\/p>\n<\/div>\n<\/div>\n<\/div>\n<p><!-- \/wp:paragraph --><\/p>\t\t\t\t\t<\/div>\n\t\t\t\t\t\t<\/div>\n\t\t\t\t<\/div>\n\t\t\t\t\t\t<\/div>\n\t\t\t\t\t<\/div>\n\t\t<\/div>\n\t\t\t\t\t\t\t\t<\/div>\n\t\t\t\t\t<\/div>\n\t\t<\/section>\n\t\t\t\t\t\t<\/div>\n\t\t\t\t\t\t<\/div>\n\t\t\t\t\t<\/div>\n\t\t","protected":false},"excerpt":{"rendered":"","protected":false},"author":1,"featured_media":0,"parent":0,"menu_order":0,"comment_status":"closed","ping_status":"closed","template":"","meta":{"neve_meta_sidebar":"full-width","neve_meta_container":"","neve_meta_enable_content_width":"on","neve_meta_content_width":100,"neve_meta_title_alignment":"","neve_meta_author_avatar":"","neve_post_elements_order":"","neve_meta_disable_header":"","neve_meta_disable_footer":"","neve_meta_disable_title":"on","_ti_tpc_template_sync":false,"_ti_tpc_template_id":""},"uagb_featured_image_src":{"full":false,"thumbnail":false,"medium":false,"medium_large":false,"large":false,"1536x1536":false,"2048x2048":false,"neve-blog":false},"uagb_author_info":{"display_name":"admin","author_link":"https:\/\/serviciosgasc.com\/index.php\/author\/servicomp\/"},"uagb_comment_info":0,"uagb_excerpt":null,"_links":{"self":[{"href":"https:\/\/serviciosgasc.com\/index.php\/wp-json\/wp\/v2\/pages\/61"}],"collection":[{"href":"https:\/\/serviciosgasc.com\/index.php\/wp-json\/wp\/v2\/pages"}],"about":[{"href":"https:\/\/serviciosgasc.com\/index.php\/wp-json\/wp\/v2\/types\/page"}],"author":[{"embeddable":true,"href":"https:\/\/serviciosgasc.com\/index.php\/wp-json\/wp\/v2\/users\/1"}],"replies":[{"embeddable":true,"href":"https:\/\/serviciosgasc.com\/index.php\/wp-json\/wp\/v2\/comments?post=61"}],"version-history":[{"count":4,"href":"https:\/\/serviciosgasc.com\/index.php\/wp-json\/wp\/v2\/pages\/61\/revisions"}],"predecessor-version":[{"id":173,"href":"https:\/\/serviciosgasc.com\/index.php\/wp-json\/wp\/v2\/pages\/61\/revisions\/173"}],"wp:attachment":[{"href":"https:\/\/serviciosgasc.com\/index.php\/wp-json\/wp\/v2\/media?parent=61"}],"curies":[{"name":"wp","href":"https:\/\/api.w.org\/{rel}","templated":true}]}}